{"id":90,"date":"2017-07-05T13:11:05","date_gmt":"2017-07-05T13:11:05","guid":{"rendered":"http:\/\/www.floodimpatproject.polimi.it\/?page_id=90"},"modified":"2018-02-15T16:24:45","modified_gmt":"2018-02-15T16:24:45","slug":"valutazione-della-pericolosita","status":"publish","type":"page","link":"https:\/\/www.floodimpatproject.polimi.it\/?page_id=90","title":{"rendered":"Valutazione della Pericolosit\u00e0"},"content":{"rendered":"<p><strong><u>Strumenti per la valutazione della pericolosit\u00e0 alluvionale alla meso e alla micro-scala <\/u><\/strong><\/p>\n<p>La caratterizzazione della pericolosit\u00e0 alluvionale \u00e8 di fondamentale importanza per l\u2019implementazione dei modelli di danno. In particolare, tipicamente, \u00e8 richiesta la conoscenza della distribuzione spaziale dell\u2019altezza di allagamento per determinati tempi di ritorno della piena e, per certi tipi di danno, della distribuzione spaziale della velocit\u00e0 dell\u2019acqua e della durata dell\u2019allagamento. La risoluzione spaziale con cui tali informazioni devono essere fornite cambia nel caso di modelli di danno che operino alla meso o alla micro-scala.<\/p>\n<p>Al momento, Flood-IMPAT assume la distribuzione spaziale delle variabili di pericolosit\u00e0 quale un dato noto, in input alla procedura. Tuttavia, le attuali mappe di pericolosit\u00e0, alla scala di bacino, non forniscono le informazioni di cui sopra ma si limitano alla delimitazione dell\u2019area allagabile, per determinati tempi di ritorno della piena. Alla micro-scala, tali informazioni sono invece note, solo laddove si \u00e8 provveduto alla modellazione idraulica bi-dimensionale dei fenomeni di piena. Questo \u00e8 avvenuto in poche zone caratterizzate da elevata criticit\u00e0. In un tale contesto, \u00e8 evidente che l\u2019implementazione della procedura Flood-IMPAT risulta di difficile realizzazione pratica.<\/p>\n<p>Gli obiettivi specifici sono:<\/p>\n<ul>\n<li>lo sviluppo, e l\u2019implementazione in ambiente GIS, di metodi per la determinazione della distribuzione spaziale delle principali variabili di pericolosit\u00e0 alla meso-scala e<\/li>\n<li>lo sviluppo, e l\u2019implementazione in ambiente GIS, di metodi per la determinazione della distribuzione spaziale delle principali variabili di pericolosit\u00e0 alla micro-scala,<\/li>\n<\/ul>\n<p>a partire dalle informazioni al momento disponibili nelle mappe di pericolosit\u00e0. E\u2019 evidente che tali metodi devono garantire la coerenza dell\u2019informazione fornita alle due scale.<\/p>\n<p>&nbsp;<\/p>\n<p>Se vuoi saperne di pi\u00f9, guarda la presentazione sui primi risultati di progetto:<\/p>\n<p><iframe loading=\"lazy\" src=\"https:\/\/www.slideshare.net\/slideshow\/embed_code\/key\/nyDKIsoUXJb2xC\" width=\"427\" height=\"356\" frameborder=\"0\" marginwidth=\"0\" marginheight=\"0\" scrolling=\"no\" style=\"border:1px solid #CCC; border-width:1px; margin-bottom:5px; max-width: 100%;\" allowfullscreen> <\/iframe><\/p>\n<p>&nbsp;<\/p>\n<p><em>Ti potrebbe interessare anche:<\/em><\/p>\n<blockquote class=\"wp-embedded-content\" data-secret=\"1XNrr4fu7R\"><p><a href=\"http:\/\/www.floodimpatproject.polimi.it\/?page_id=108\">Valutazione dell&#8217;esposto e della vulnerabilit\u00e0<\/a><\/p><\/blockquote>\n<p><iframe loading=\"lazy\" class=\"wp-embedded-content\" sandbox=\"allow-scripts\" security=\"restricted\" style=\"position: absolute; clip: rect(1px, 1px, 1px, 1px);\" src=\"http:\/\/www.floodimpatproject.polimi.it\/?page_id=108&#038;embed=true#?secret=1XNrr4fu7R\" data-secret=\"1XNrr4fu7R\" width=\"600\" height=\"338\" title=\"&#8220;Valutazione dell&#8217;esposto e della vulnerabilit\u00e0&#8221; &#8212; Flood-Impat+\" frameborder=\"0\" marginwidth=\"0\" marginheight=\"0\" scrolling=\"no\"><\/iframe><\/p>\n","protected":false},"excerpt":{"rendered":"<p>Strumenti per la valutazione della pericolosit\u00e0 alluvionale alla meso e alla micro-scala La caratterizzazione della pericolosit\u00e0 alluvionale \u00e8 di fondamentale importanza per l\u2019implementazione dei modelli di danno. In particolare, tipicamente, \u00e8 richiesta la conoscenza della distribuzione spaziale dell\u2019altezza di allagamento per determinati tempi di ritorno della piena e, per certi tipi di danno, della distribuzione&hellip; <br \/> <a class=\"button small blue\" href=\"https:\/\/www.floodimpatproject.polimi.it\/?page_id=90\">Leggi tutto<\/a><\/p>\n","protected":false},"author":2,"featured_media":0,"parent":5,"menu_order":1,"comment_status":"closed","ping_status":"closed","template":"page-templates\/homepage.php","meta":{"footnotes":""},"class_list":["post-90","page","type-page","status-publish","hentry"],"_links":{"self":[{"href":"https:\/\/www.floodimpatproject.polimi.it\/index.php?rest_route=\/wp\/v2\/pages\/90","targetHints":{"allow":["GET"]}}],"collection":[{"href":"https:\/\/www.floodimpatproject.polimi.it\/index.php?rest_route=\/wp\/v2\/pages"}],"about":[{"href":"https:\/\/www.floodimpatproject.polimi.it\/index.php?rest_route=\/wp\/v2\/types\/page"}],"author":[{"embeddable":true,"href":"https:\/\/www.floodimpatproject.polimi.it\/index.php?rest_route=\/wp\/v2\/users\/2"}],"replies":[{"embeddable":true,"href":"https:\/\/www.floodimpatproject.polimi.it\/index.php?rest_route=%2Fwp%2Fv2%2Fcomments&post=90"}],"version-history":[{"count":8,"href":"https:\/\/www.floodimpatproject.polimi.it\/index.php?rest_route=\/wp\/v2\/pages\/90\/revisions"}],"predecessor-version":[{"id":473,"href":"https:\/\/www.floodimpatproject.polimi.it\/index.php?rest_route=\/wp\/v2\/pages\/90\/revisions\/473"}],"up":[{"embeddable":true,"href":"https:\/\/www.floodimpatproject.polimi.it\/index.php?rest_route=\/wp\/v2\/pages\/5"}],"wp:attachment":[{"href":"https:\/\/www.floodimpatproject.polimi.it\/index.php?rest_route=%2Fwp%2Fv2%2Fmedia&parent=90"}],"curies":[{"name":"wp","href":"https:\/\/api.w.org\/{rel}","templated":true}]}}