{"id":432,"date":"2018-02-14T11:10:00","date_gmt":"2018-02-14T11:10:00","guid":{"rendered":"http:\/\/www.floodimpatproject.polimi.it\/?page_id=432"},"modified":"2019-05-16T14:04:23","modified_gmt":"2019-05-16T14:04:23","slug":"eventi","status":"publish","type":"page","link":"https:\/\/www.floodimpatproject.polimi.it\/?page_id=432","title":{"rendered":"Eventi"},"content":{"rendered":"<h2><em>Flood-IMPAT+ parteciper\u00e0 il 5-6-7 Giugno 2019 a Bari alla XXII Conferenza della Societ\u00e0 Italiana degli Urbanisti con una presentazione sui Co-Mapping Labs.<\/em><\/h2>\n<hr \/>\n<h2><em>Flood-IMPAT+ partecipa insieme al CNR alla\u00a0seconda edizione della<strong> International Conference on Citizen Observatories for natural hazards and Water Management (COWM2018) a Venezia <\/strong>con una presentazione su &#8220;BLINKS: an ICT-based tool for citizens\u2019 flood risk awareness<br \/>\nand participation&#8221;<\/em><\/h2>\n<hr \/>\n<h2 style=\"text-align: center;\"><strong>1\u00b0 Laboratorio di Mappatura Collettiva: \u201cUna Legenda Condivisa sul Rischio\u201d<\/strong><\/h2>\n<p style=\"text-align: center;\">Il laboratorio finalizzato alla condivisione degli obiettivi verso cui dovrebbero essere tese le mappe di rischio\u00a0alluvionale, alla presentazione delle prime mappe elaborate dai ricercatori del Politecnico ed alla\u00a0costruzione della legenda che le stesse dovrebbero avere.<\/p>\n<hr \/>\n<h2><em>Flood-IMPAT+ partecipa ad Io Non Rischio nella Piazza di Lodi con il suo modellino didattico sul rischio alluvionale.<\/em><\/h2>\n<hr \/>\n<h2><em>Flood-IMPAT+ \u00e8 al XXXVI\u00a0Convegno Nazionale di Idraulica e Costruzioni Idrauliche (IDRA 2018)<\/em><\/h2>\n<p><strong>Daniela Molinari<\/strong>, responsabile<span style=\"font-size: 18px; color: #666666; font-family: 'Source Sans Pro', sans-serif;\"> del <\/span>progetto<span style=\"font-size: 18px; color: #666666; font-family: 'Source Sans Pro', sans-serif;\"> Flood-IMPAT+, ha presentato le attivit\u00e0 di dissemination del progetto con &#8220;<\/span><b>La diffusione della conoscenza sul rischio alluvionale nel progetto <\/b><b>Flood<\/b><b>-IMPAT+&#8221;\u00a0<\/b>all&#8217;interno della sessione <em>&#8220;Avanzamenti tecnico-scientifici a supporto della cultura del rischio\u00a0alluvionale&#8221;<\/em><\/p>\n<p><a href=\"http:\/\/www.floodimpatproject.polimi.it\/?attachment_id=587\" rel=\"attachment wp-att-587\"><img loading=\"lazy\" decoding=\"async\" class=\"alignnone size-full wp-image-587\" src=\"http:\/\/www.floodimpatproject.polimi.it\/wp-content\/uploads\/2018\/09\/WhatsApp-Image-2018-09-14-at-18.41.57.jpeg\" alt=\"\" width=\"1200\" height=\"1600\" srcset=\"https:\/\/www.floodimpatproject.polimi.it\/wp-content\/uploads\/2018\/09\/WhatsApp-Image-2018-09-14-at-18.41.57.jpeg 1200w, https:\/\/www.floodimpatproject.polimi.it\/wp-content\/uploads\/2018\/09\/WhatsApp-Image-2018-09-14-at-18.41.57-225x300.jpeg 225w, https:\/\/www.floodimpatproject.polimi.it\/wp-content\/uploads\/2018\/09\/WhatsApp-Image-2018-09-14-at-18.41.57-768x1024.jpeg 768w, https:\/\/www.floodimpatproject.polimi.it\/wp-content\/uploads\/2018\/09\/WhatsApp-Image-2018-09-14-at-18.41.57-640x853.jpeg 640w, https:\/\/www.floodimpatproject.polimi.it\/wp-content\/uploads\/2018\/09\/WhatsApp-Image-2018-09-14-at-18.41.57-1024x1365.jpeg 1024w, https:\/\/www.floodimpatproject.polimi.it\/wp-content\/uploads\/2018\/09\/WhatsApp-Image-2018-09-14-at-18.41.57-810x1080.jpeg 810w\" sizes=\"auto, (max-width: 1200px) 100vw, 1200px\" \/><\/a><\/p>\n<hr \/>\n<h2><em>Flood-IMPAT+ \u00e8\u00a0<\/em><em>al\u00a0<\/em><em>5\u00b0 IAHR Europe Congress!!!<\/em><\/h2>\n<h4 style=\"text-align: center;\"><em>New\u00a0 Challenges in Hydraulic\u00a0<\/em><em>Research and Engineering <\/em><\/h4>\n<h4 style=\"text-align: center;\"><em>Trento, 12 &#8211; 14 Giugno 2018<\/em><\/h4>\n<p><strong>Daniela Molinari<\/strong>, responsabile<span style=\"font-size: 18px; color: #666666; font-family: 'Source Sans Pro', sans-serif;\"> del <\/span>progetto<span style=\"font-size: 18px; color: #666666; font-family: 'Source Sans Pro', sans-serif;\"> Flood-IMPAT+, presenter\u00e0 <\/span>domani alle<span style=\"font-size: 18px; color: #666666; font-family: 'Source Sans Pro', sans-serif;\"> 10 il <\/span>lavoro<span style=\"font-size: 18px; color: #666666; font-family: 'Source Sans Pro', sans-serif;\"> <strong>On flood damage models validation and uncertainty assessment: the case of the 2002 flood in Lodi\u00a0<\/strong><\/span><strong>(Northern Italy)<\/strong>\u00a0all&#8217;interno della sessione <em>&#8220;FH.2 New hydraulic engineering contributions to flood resilience and mitigation&#8221;<\/em>.<\/p>\n<p style=\"text-align: left;\">Ed eccola qui durante la presentazione del lavoro:<\/p>\n<p><img loading=\"lazy\" decoding=\"async\" class=\"wp-image-561 aligncenter\" src=\"http:\/\/www.floodimpatproject.polimi.it\/wp-content\/uploads\/2018\/06\/20180613_100206.jpg\" alt=\"\" width=\"436\" height=\"259\" \/><\/p>\n<p><a href=\"http:\/\/www.floodimpatproject.polimi.it\/?attachment_id=562\" rel=\"attachment wp-att-562\"><img loading=\"lazy\" decoding=\"async\" class=\"wp-image-562 aligncenter\" src=\"http:\/\/www.floodimpatproject.polimi.it\/wp-content\/uploads\/2018\/06\/20180613_100223.jpg\" alt=\"\" width=\"438\" height=\"213\" srcset=\"https:\/\/www.floodimpatproject.polimi.it\/wp-content\/uploads\/2018\/06\/20180613_100223.jpg 4032w, https:\/\/www.floodimpatproject.polimi.it\/wp-content\/uploads\/2018\/06\/20180613_100223-300x146.jpg 300w, https:\/\/www.floodimpatproject.polimi.it\/wp-content\/uploads\/2018\/06\/20180613_100223-768x373.jpg 768w, https:\/\/www.floodimpatproject.polimi.it\/wp-content\/uploads\/2018\/06\/20180613_100223-1024x498.jpg 1024w, https:\/\/www.floodimpatproject.polimi.it\/wp-content\/uploads\/2018\/06\/20180613_100223-1920x933.jpg 1920w\" sizes=\"auto, (max-width: 438px) 100vw, 438px\" \/><\/a><\/p>\n<hr \/>\n<h2><em>EGU 2018 &#8211; Noi c&#8217;eravamo ed \u00e8 andata alla grande!<\/em><\/h2>\n<p>Con tre presentazioni che hanno destato molto interesse ed un&#8217;intera sezione organizzata sul caso studio di Lodi alla quale hanno partecipato ricercatori di diverse universit\u00e0 europee, torniamo in ufficio soddisfatti del lavoro sin qui prodotto. Rimanete collegati, molto deve ancora venire!<\/p>\n<p><a href=\"http:\/\/www.floodimpatproject.polimi.it\/?attachment_id=549\" rel=\"attachment wp-att-549\"><img loading=\"lazy\" decoding=\"async\" class=\"alignnone size-full wp-image-549\" src=\"http:\/\/www.floodimpatproject.polimi.it\/wp-content\/uploads\/2018\/04\/WhatsApp-Image-2018-04-12-at-10.48.03.jpeg\" alt=\"\" width=\"1600\" height=\"1200\" srcset=\"https:\/\/www.floodimpatproject.polimi.it\/wp-content\/uploads\/2018\/04\/WhatsApp-Image-2018-04-12-at-10.48.03.jpeg 1600w, https:\/\/www.floodimpatproject.polimi.it\/wp-content\/uploads\/2018\/04\/WhatsApp-Image-2018-04-12-at-10.48.03-300x225.jpeg 300w, https:\/\/www.floodimpatproject.polimi.it\/wp-content\/uploads\/2018\/04\/WhatsApp-Image-2018-04-12-at-10.48.03-768x576.jpeg 768w, https:\/\/www.floodimpatproject.polimi.it\/wp-content\/uploads\/2018\/04\/WhatsApp-Image-2018-04-12-at-10.48.03-1024x768.jpeg 1024w, https:\/\/www.floodimpatproject.polimi.it\/wp-content\/uploads\/2018\/04\/WhatsApp-Image-2018-04-12-at-10.48.03-1440x1080.jpeg 1440w\" sizes=\"auto, (max-width: 1600px) 100vw, 1600px\" \/><\/a><\/p>\n<p>Daniela Molinari presentanto il lavoro su &#8220;<strong>A complete event scenario for the flood of Lodi (Northern Italy) in 2002&#8243;<\/strong><\/p>\n<p><a href=\"http:\/\/www.floodimpatproject.polimi.it\/?attachment_id=550\" rel=\"attachment wp-att-550\"><img loading=\"lazy\" decoding=\"async\" class=\"alignnone size-full wp-image-550\" src=\"http:\/\/www.floodimpatproject.polimi.it\/wp-content\/uploads\/2018\/04\/WhatsApp-Image-2018-04-09-at-17.14.37.jpeg\" alt=\"\" width=\"1600\" height=\"1200\" srcset=\"https:\/\/www.floodimpatproject.polimi.it\/wp-content\/uploads\/2018\/04\/WhatsApp-Image-2018-04-09-at-17.14.37.jpeg 1600w, https:\/\/www.floodimpatproject.polimi.it\/wp-content\/uploads\/2018\/04\/WhatsApp-Image-2018-04-09-at-17.14.37-300x225.jpeg 300w, https:\/\/www.floodimpatproject.polimi.it\/wp-content\/uploads\/2018\/04\/WhatsApp-Image-2018-04-09-at-17.14.37-768x576.jpeg 768w, https:\/\/www.floodimpatproject.polimi.it\/wp-content\/uploads\/2018\/04\/WhatsApp-Image-2018-04-09-at-17.14.37-1024x768.jpeg 1024w, https:\/\/www.floodimpatproject.polimi.it\/wp-content\/uploads\/2018\/04\/WhatsApp-Image-2018-04-09-at-17.14.37-1440x1080.jpeg 1440w\" sizes=\"auto, (max-width: 1600px) 100vw, 1600px\" \/><\/a><\/p>\n<p><a href=\"http:\/\/www.floodimpatproject.polimi.it\/?attachment_id=551\" rel=\"attachment wp-att-551\"><span style=\"color: #000000;\">Il lavoro condotto\u00a0<\/span><span style=\"color: #000000;\">dalla dottoranda Marta Galliani sul settore residenziale dal titolo\u00a0<\/span><span style=\"color: #000000;\"><strong>&#8220;On uncertainty quantification with different availability of data \u2013 the case of flood damage estimation for the 2002 flood in Lodi (Northern Italy) with the INSYDE model&#8221;<\/strong><br \/>\n<\/span><\/a><\/p>\n<p><a href=\"http:\/\/www.floodimpatproject.polimi.it\/?attachment_id=551\" rel=\"attachment wp-att-551\"><img loading=\"lazy\" decoding=\"async\" class=\"alignnone size-full wp-image-551\" src=\"http:\/\/www.floodimpatproject.polimi.it\/wp-content\/uploads\/2018\/04\/WhatsApp-Image-2018-04-09-at-17.14.36.jpeg\" alt=\"\" width=\"1600\" height=\"1200\" srcset=\"https:\/\/www.floodimpatproject.polimi.it\/wp-content\/uploads\/2018\/04\/WhatsApp-Image-2018-04-09-at-17.14.36.jpeg 1600w, https:\/\/www.floodimpatproject.polimi.it\/wp-content\/uploads\/2018\/04\/WhatsApp-Image-2018-04-09-at-17.14.36-300x225.jpeg 300w, https:\/\/www.floodimpatproject.polimi.it\/wp-content\/uploads\/2018\/04\/WhatsApp-Image-2018-04-09-at-17.14.36-768x576.jpeg 768w, https:\/\/www.floodimpatproject.polimi.it\/wp-content\/uploads\/2018\/04\/WhatsApp-Image-2018-04-09-at-17.14.36-1024x768.jpeg 1024w, https:\/\/www.floodimpatproject.polimi.it\/wp-content\/uploads\/2018\/04\/WhatsApp-Image-2018-04-09-at-17.14.36-1440x1080.jpeg 1440w\" sizes=\"auto, (max-width: 1600px) 100vw, 1600px\" \/><\/a>Anna Rita Scorzini insieme a Daniela Molinari e Alice Gallazzi presentano un interessante lavoro sulle funzioni di danno per le attivit\u00e0 agricole, in particolar modo il modello di danno per l&#8217;agricoltura <em><strong>&#8220;AGRIDE&#8221;<\/strong><\/em>.<\/p>\n<hr \/>\n<h2>Flood-IMPAT+ era presente al &#8220;First Joint Training on Disaster Risk Management&#8221;<\/h2>\n<p><a href=\"http:\/\/www.floodimpatproject.polimi.it\/?attachment_id=552\" rel=\"attachment wp-att-552\"><img loading=\"lazy\" decoding=\"async\" class=\"size-full wp-image-552 aligncenter\" src=\"http:\/\/www.floodimpatproject.polimi.it\/wp-content\/uploads\/2018\/04\/saxon.jpg\" alt=\"\" width=\"640\" height=\"480\" srcset=\"https:\/\/www.floodimpatproject.polimi.it\/wp-content\/uploads\/2018\/04\/saxon.jpg 640w, https:\/\/www.floodimpatproject.polimi.it\/wp-content\/uploads\/2018\/04\/saxon-300x225.jpg 300w\" sizes=\"auto, (max-width: 640px) 100vw, 640px\" \/><\/a><\/p>\n<p>Un consorzio di universit\u00e0 con un programma sui rischi naturali e sulla sicurezza ha sviluppato una formazione sulla gestione del rischio di catastrofi per studenti triennali e magistrali che mirano a lavorare nel campo della gestione del rischio di catastrofi. La formazione si basa sulla pubblicazione Science for Disaster Risk Management 2017. La prima formazione \u00e8 stata impartita presso la Saxion University nei Paesi Bassi, dal 9 al 13 aprile. I docenti delle universit\u00e0 coinvolte hanno insegnato ad un gruppo di 50 studenti i concetti essenziali della gestione del rischio di catastrofi. Successivamente, gli studenti hanno applicato questi concetti a due casi studio, una sul rischio di alluvione ed un altro sul rischio nucleare. Hanno sviluppato una strategia integrata per affrontare questi rischi.<\/p>\n<p><a href=\"http:\/\/www.floodimpatproject.polimi.it\/?attachment_id=553\" rel=\"attachment wp-att-553\"><img loading=\"lazy\" decoding=\"async\" class=\"size-full wp-image-553 alignleft\" src=\"http:\/\/www.floodimpatproject.polimi.it\/wp-content\/uploads\/2018\/04\/saxon_2.jpg\" alt=\"\" width=\"417\" height=\"312\" srcset=\"https:\/\/www.floodimpatproject.polimi.it\/wp-content\/uploads\/2018\/04\/saxon_2.jpg 417w, https:\/\/www.floodimpatproject.polimi.it\/wp-content\/uploads\/2018\/04\/saxon_2-300x224.jpg 300w\" sizes=\"auto, (max-width: 417px) 100vw, 417px\" \/><\/a>La prima formazione ha anche portato alla costruzione di blocchi per i corsi di formazione sul DRM in altre universit\u00e0 in futuro, tra cui presentazioni per lezioni, esercitazioni e processi organizzativi. Nei prossimi mesi la formazione sar\u00e0 ulteriormente sviluppata sulla base della valutazione della prima formazione. Nel prossimo anno, la formazione DRM sar\u00e0 implementata anche in altre universit\u00e0. Gli elementi costitutivi esistenti saranno riutilizzati e verranno sviluppate e condivise nuove lezioni ed esercitazioni per migliorare la formazione e sviluppare ulteriormente un corso congiunto di gestione dei rischi di catastrofe.<\/p>\n<hr \/>\n<h2><em>EGU 2018 &#8211; Progetto Flood-IMPAT+ presente!<\/em><\/h2>\n<p>Il progetto Flood-IMPAT+ sar\u00e0 presente all&#8217;importante conferenza <em>dell&#8217; &#8220;E<span class=\"m-customer-name\"><span id=\"cmsvar_93\" class=\"co_function_get_customer_data co_function_get_customer_data_name\">uropean Geosciences Union&#8221;<\/span><\/span><\/em><span class=\"m-customer-title\">\u00a0che si terr\u00e0 a Vienna dall&#8217;8 al 13 Aprile 2018 con due contributi sui primi risultati ottenuti dal progetto nelle rispettive sezioni d&#8217;interesse:\u00a0Natural hazard event analyses for risk reduction and adaptation e\u00a0Costs of Natural Hazards.<\/span><\/p>\n<p>Seguici su questa pagina. Qui caricheremo i nostri interventi esposti alla conferenza!<\/p>\n<h4><\/h4>\n<h4><em>Se vuoi saperne di pi\u00f9:<\/em><\/h4>\n<p><a href=\"https:\/\/www.egu2018.eu\/\">https:\/\/www.egu2018.eu\/<\/a><\/p>\n<hr \/>\n<h2><span style=\"color: #000000;\">Workshop Internazionale\u00a0<\/span><span style=\"color: #000000;\">&#8220;Validation in Flood Risk Modelling: combining scientific, policy and market perspectives&#8221;<\/span><\/h2>\n<p>Politecnico di Milano<\/p>\n<p>Dipartimento di Architettura e Studi Urbani<\/p>\n<p>20-2 Novembre 12017<\/p>\n<p>Spazio Aperto, Edificio Nave, piano -1<\/p>\n<p>Via Bonardi 9<\/p>\n<p style=\"text-align: left;\"><span style=\"color: #000000;\"><strong>Se vuoi saperne di pi\u00f9, visita il sito del workshop<\/strong><\/span><\/p>\n<p><a href=\"https:\/\/www.eko.polimi.it\/index.php\/VSH2017\/VSH2017\">https:\/\/www.eko.polimi.it\/index.php\/VSH2017\/VSH2017<\/a><\/p>\n<p><span style=\"color: #000000;\"><strong>oppure <\/strong><\/span><\/p>\n<p><span style=\"color: #000000;\"><strong>scarica il programma direttamente qui:<\/strong><\/span><\/p>\n<p><a href=\"https:\/\/www.eko.polimi.it\/index.php\/VSH2017\/VSH2017\/schedConf\/program\">https:\/\/www.eko.polimi.it\/index.php\/VSH2017\/VSH2017\/schedConf\/program<\/a><\/p>\n<hr \/>\n<h2><em>Io\u00a0Non Rischio<\/em><\/h2>\n<h4><\/h4>\n<h4>Nella giornata di Sabato 14 Ottobre 2017 eravamo presenti all\u2019iniziativa della Protezione Civile Nazionale <i>\u00abIO NON RISCHIO\u00bb <\/i>che si \u00e8 tenuta in Piazza della Vittoria a Lodi.<\/h4>\n<p>In occasione dell&#8217;evento di &#8220;Io Non Rischio&#8221; abbiamo presentato un modellino didattico, realizzato con i famosi mattoncini, che permette di comprendere alcune delle dinamiche legate agli eventi alluvionali, di\u00a0confrontarsi con la pianificazione territoriale e di osservare come diverse misure di mitigazione e di adattamento possano contribuire ad una riduzione del rischio alluvionale e\/o dei danni prodotti da questo tipo di eventi catastrofici.<\/p>\n<h4><\/h4>\n<h4><a href=\"http:\/\/www.floodimpatproject.polimi.it\/?attachment_id=440\" rel=\"attachment wp-att-440\"><img loading=\"lazy\" decoding=\"async\" class=\"size-full wp-image-440 aligncenter\" src=\"http:\/\/www.floodimpatproject.polimi.it\/wp-content\/uploads\/2018\/02\/Presentazione-standard1-1.jpg\" alt=\"\" width=\"1280\" height=\"313\" srcset=\"https:\/\/www.floodimpatproject.polimi.it\/wp-content\/uploads\/2018\/02\/Presentazione-standard1-1.jpg 1280w, https:\/\/www.floodimpatproject.polimi.it\/wp-content\/uploads\/2018\/02\/Presentazione-standard1-1-300x73.jpg 300w, https:\/\/www.floodimpatproject.polimi.it\/wp-content\/uploads\/2018\/02\/Presentazione-standard1-1-768x188.jpg 768w, https:\/\/www.floodimpatproject.polimi.it\/wp-content\/uploads\/2018\/02\/Presentazione-standard1-1-1024x250.jpg 1024w\" sizes=\"auto, (max-width: 1280px) 100vw, 1280px\" \/><\/a><a href=\"http:\/\/www.floodimpatproject.polimi.it\/?attachment_id=459\" rel=\"attachment wp-att-459\"><img loading=\"lazy\" decoding=\"async\" class=\"size-full wp-image-459 aligncenter\" src=\"http:\/\/www.floodimpatproject.polimi.it\/wp-content\/uploads\/2018\/02\/io-non-rischio-1.jpg\" alt=\"\" width=\"1279\" height=\"236\" srcset=\"https:\/\/www.floodimpatproject.polimi.it\/wp-content\/uploads\/2018\/02\/io-non-rischio-1.jpg 1279w, https:\/\/www.floodimpatproject.polimi.it\/wp-content\/uploads\/2018\/02\/io-non-rischio-1-300x55.jpg 300w, https:\/\/www.floodimpatproject.polimi.it\/wp-content\/uploads\/2018\/02\/io-non-rischio-1-768x142.jpg 768w, https:\/\/www.floodimpatproject.polimi.it\/wp-content\/uploads\/2018\/02\/io-non-rischio-1-1024x189.jpg 1024w\" sizes=\"auto, (max-width: 1279px) 100vw, 1279px\" \/><\/a><\/h4>\n<h4><\/h4>\n<p>Inoltre, con l&#8217;intervento di Daniela Molinari, coordinatrice del progetto Flood-IMPAT+,\u00a0\u201cTi Ricordi di\u2026.Lodi 2002\u201d \u00e8 stato fatto il primo passo per la costruzione di un ponte tra il mondo della ricerca e quello della societ\u00e0 civile. La presentazione \u201cTi Ricordi di\u2026.Lodi 2002\u201d ha permesso raccogliere testimonianze ed esperienze della popolazione lodigiana in merito all&#8217;evento alluvionale 2002.<\/p>\n<p><iframe loading=\"lazy\" src=\"https:\/\/www.slideshare.net\/slideshow\/embed_code\/key\/celVXHUuSTrKSc\" width=\"427\" height=\"356\" frameborder=\"0\" marginwidth=\"0\" marginheight=\"0\" scrolling=\"no\" style=\"border:1px solid #CCC; border-width:1px; margin-bottom:5px; max-width: 100%;\" allowfullscreen> <\/iframe><\/p>\n<h4><em>Se vuoi saperne di pi\u00f9:<\/em><\/h4>\n<h4>Scarica qui la locandina\u00a0dell&#8217;evento qui:<br \/>\n<a href=\"https:\/\/polimi365-my.sharepoint.com\/:b:\/g\/personal\/10318706_polimi_it\/Eeh9yh2k04pAlmOjPt9Vnr0B9OO6E8uQwQ2x7eJebhuwfA\">https:\/\/polimi365-my.sharepoint.com\/:b:\/g\/personal\/10318706_polimi_it\/Eeh9yh2k04pAlmOjPt9Vnr0B9OO6E8uQwQ2x7eJebhuwfA<\/a><\/h4>\n<h4>oppure visita:<\/h4>\n<p><a href=\"http:\/\/iononrischio.protezionecivile.it\/\">http:\/\/iononrischio.protezionecivile.it\/<\/a><\/p>\n<p><a href=\"http:\/\/www.comune.lodi.it\/flex\/cm\/pages\/ServeBLOB.php\/L\/IT\/IDPagina\/8387\">http:\/\/www.comune.lodi.it\/flex\/cm\/pages\/ServeBLOB.php\/L\/IT\/IDPagina\/8387<\/a><\/p>\n<hr \/>\n<h2>1\u00b0 Meeting del progetto Flood-IMPAT+<\/h2>\n<p>A sei mesi dall&#8217;avvio del progetto\u00a0<span id=\"0.006440870203157312\" class=\"currentHitHighlight\">Flood-IMPAT<\/span>+ che, il giorno\u00a0 10 Ottobre alle ore 10 presso la sala ex-chiesetta della Provincia di Lodi, in via Fanfulla 14 a Lodi, si \u00e8 tenuto il primo incontro del progetto. In tale occasione sono stati presentati, alla presenza di autori\u00e0 del Distretto Idrografico del Fiume Po, dell&#8217;Agenzia Interregionale per il Fiume Po, della\u00a0Regione Lombardia, della Provincia di Lodi e del\u00a0Comune di Lodi, dell&#8217;UTR-Lodi, i primi risultati delle attivit\u00e0.<\/p>\n<p><strong>Il programma della giornata<\/strong><\/p>\n<p><a href=\"https:\/\/polimi365-my.sharepoint.com\/:b:\/g\/personal\/10318706_polimi_it\/ETUU-aGJU6NGgVc63NscX1kB6ks8sE2YkJxndfceFB85qQ\">https:\/\/polimi365-my.sharepoint.com\/:b:\/g\/personal\/10318706_polimi_it\/ETUU-aGJU6NGgVc63NscX1kB6ks8sE2YkJxndfceFB85qQ<\/a><\/p>\n<p><strong>Vuoi saperne di pi\u00f9, guarda le presentazioni sui primi risultati del nostro lavoro:<\/strong><\/p>\n<p><iframe loading=\"lazy\" src=\"https:\/\/www.slideshare.net\/slideshow\/embed_code\/key\/nyDKIsoUXJb2xC\" width=\"427\" height=\"356\" frameborder=\"0\" marginwidth=\"0\" marginheight=\"0\" scrolling=\"no\" style=\"border:1px solid #CCC; border-width:1px; margin-bottom:5px; max-width: 100%;\" allowfullscreen> <\/iframe><\/p>\n<p><iframe loading=\"lazy\" src=\"https:\/\/www.slideshare.net\/slideshow\/embed_code\/key\/9DMtB4h1TGtM4v\" width=\"427\" height=\"356\" frameborder=\"0\" marginwidth=\"0\" marginheight=\"0\" scrolling=\"no\" style=\"border:1px solid #CCC; border-width:1px; margin-bottom:5px; max-width: 100%;\" allowfullscreen> <\/iframe><\/p>\n<p><iframe loading=\"lazy\" src=\"https:\/\/www.slideshare.net\/slideshow\/embed_code\/key\/ew5QVKZ9ZLFe2p\" width=\"427\" height=\"356\" frameborder=\"0\" marginwidth=\"0\" marginheight=\"0\" scrolling=\"no\" style=\"border:1px solid #CCC; border-width:1px; margin-bottom:5px; max-width: 100%;\" allowfullscreen> <\/iframe><\/p>\n<p><iframe loading=\"lazy\" src=\"https:\/\/www.slideshare.net\/slideshow\/embed_code\/key\/ukI452z9B72iTa\" width=\"427\" height=\"356\" frameborder=\"0\" marginwidth=\"0\" marginheight=\"0\" scrolling=\"no\" style=\"border:1px solid #CCC; border-width:1px; margin-bottom:5px; max-width: 100%;\" allowfullscreen> <\/iframe><\/p>\n<hr \/>\n<h2>Il kick-off del\u00a0progetto\u00a0Flood-IMPAT+<\/h2>\n<p>5 Aprile 2017 Il progetto Flood-IMPAT+ ha ufficialmente inizio.<\/p>\n<p><em>Il programma della giornata<\/em><\/p>\n<p><a href=\"https:\/\/polimi365-my.sharepoint.com\/:b:\/g\/personal\/10318706_polimi_it\/EY5RLMIOtfJAqBRtNX82WI8BqkhYlCajvufbwXMwfQ-yWw\">https:\/\/polimi365-my.sharepoint.com\/:b:\/g\/personal\/10318706_polimi_it\/EY5RLMIOtfJAqBRtNX82WI8BqkhYlCajvufbwXMwfQ-yWw<\/a><\/p>\n<hr \/>\n<p><em>Ti potrebbe anche interessare:<\/em><\/p>\n<blockquote class=\"wp-embedded-content\" data-secret=\"5TtGmoESXu\"><p><a href=\"http:\/\/www.floodimpatproject.polimi.it\/?page_id=112\">Disseminazione e Comunicazione<\/a><\/p><\/blockquote>\n<p><iframe loading=\"lazy\" class=\"wp-embedded-content\" sandbox=\"allow-scripts\" security=\"restricted\" style=\"position: absolute; clip: rect(1px, 1px, 1px, 1px);\" src=\"http:\/\/www.floodimpatproject.polimi.it\/?page_id=112&#038;embed=true#?secret=5TtGmoESXu\" data-secret=\"5TtGmoESXu\" width=\"600\" height=\"338\" title=\"&#8220;Disseminazione e Comunicazione&#8221; &#8212; Flood-Impat+\" frameborder=\"0\" marginwidth=\"0\" marginheight=\"0\" scrolling=\"no\"><\/iframe><\/p>\n","protected":false},"excerpt":{"rendered":"<p>Flood-IMPAT+ parteciper\u00e0 il 5-6-7 Giugno 2019 a Bari alla XXII Conferenza della Societ\u00e0 Italiana degli Urbanisti con una presentazione sui Co-Mapping Labs. Flood-IMPAT+ partecipa insieme al CNR alla\u00a0seconda edizione della International Conference on Citizen Observatories for natural hazards and Water Management (COWM2018) a Venezia con una presentazione su &#8220;BLINKS: an ICT-based tool for citizens\u2019 flood&hellip; <br \/> <a class=\"button small blue\" href=\"https:\/\/www.floodimpatproject.polimi.it\/?page_id=432\">Leggi tutto<\/a><\/p>\n","protected":false},"author":2,"featured_media":0,"parent":112,"menu_order":1,"comment_status":"closed","ping_status":"closed","template":"","meta":{"footnotes":""},"class_list":["post-432","page","type-page","status-publish","hentry"],"_links":{"self":[{"href":"https:\/\/www.floodimpatproject.polimi.it\/index.php?rest_route=\/wp\/v2\/pages\/432","targetHints":{"allow":["GET"]}}],"collection":[{"href":"https:\/\/www.floodimpatproject.polimi.it\/index.php?rest_route=\/wp\/v2\/pages"}],"about":[{"href":"https:\/\/www.floodimpatproject.polimi.it\/index.php?rest_route=\/wp\/v2\/types\/page"}],"author":[{"embeddable":true,"href":"https:\/\/www.floodimpatproject.polimi.it\/index.php?rest_route=\/wp\/v2\/users\/2"}],"replies":[{"embeddable":true,"href":"https:\/\/www.floodimpatproject.polimi.it\/index.php?rest_route=%2Fwp%2Fv2%2Fcomments&post=432"}],"version-history":[{"count":32,"href":"https:\/\/www.floodimpatproject.polimi.it\/index.php?rest_route=\/wp\/v2\/pages\/432\/revisions"}],"predecessor-version":[{"id":674,"href":"https:\/\/www.floodimpatproject.polimi.it\/index.php?rest_route=\/wp\/v2\/pages\/432\/revisions\/674"}],"up":[{"embeddable":true,"href":"https:\/\/www.floodimpatproject.polimi.it\/index.php?rest_route=\/wp\/v2\/pages\/112"}],"wp:attachment":[{"href":"https:\/\/www.floodimpatproject.polimi.it\/index.php?rest_route=%2Fwp%2Fv2%2Fmedia&parent=432"}],"curies":[{"name":"wp","href":"https:\/\/api.w.org\/{rel}","templated":true}]}}